divided by 1324674.
11
Calculate the remainder when 4139433 is divided by 904.
17
What is the remainder when 1001654 is divided by 1403?
1315
Calculate the remainder when 59380 is divided by 3535.
2820
What is the remainder when 8317434 is divided by 2251?
2240
What is the remainder when 15636 is divided by 1665?
651
Calculate the remainder when 23656 is divided by 786.
76
Calculate the remainder when 8222917 is divided by 28453.
0
What is the remainder when 202679 is divided by 16869?
251
Calculate the remainder when 27512443 is divided by 9170814.
1
Calculate the remainder when 3221480 is divided by 16954.
220
Calculate the remainder when 11770217 is divided by 6.
5
What is the remainder when 241942227 is divided by 738?
735
Calculate the remainder when 3575314 is divided by 101.
15
What is the remainder when 5108324 is divided by 67?
43
Calculate the remainder when 190885 is divided by 47603.
473
What is the remainder when 237973 is divided by 3205?
803
Calculate the remainder when 355128248 is divided by 6307.
6306
What is the remainder when 148323480 is divided by 25?
5
What is the remainder when 11841730 is divided by 501?
94
What is the remainder when 39470 is divided by 831?
413
What is the remainder when 1195754 is divided by 132842?
176
Calculate the remainder when 16704892 is divided by 2.
0
Calculate the remainder when 1156406 is divided by 1161.
50
What is the remainder when 170641 is divided by 42652?
33
Calculate the remainder when 72646 is divided by 998.
790
Calculate the remainder when 15233 is divided by 14516.
717
Calculate the remainder when 1045552 is divided by 17613.
6385
Calculate the remainder when 2883513 is divided by 240292.
9
Calculate the remainder when 30256654 is divided by 27.
22
Calculate the remainder when 67955957 is divided by 17628.
17
Calculate the remainder when 1053177 is divided by 60.
57
What is the remainder when 790236 is divided by 8780?
36
Calculate the remainder when 8382281 is divided by 4191140.
1
Calculate the remainder when 180245 is divided by 28.
9
What is the remainder when 2775455 is divided by 308382?
17
What is the remainder when 727063 is divided by 24195?
1213
What is the remainder when 30689008 is divided by 10229658?
34
What is the remainder when 87490 is divided by 140?
130
What is the remainder when 118360 is divided by 9091?
177
What is the remainder when 17164162 is divided by 138?
136
What is the remainder when 195995288 is divided by 1334?
6
Calculate the remainder when 342678 is divided by 4.
2
What is the remainder when 223156 is divided by 12631?
8429
What is the remainder when 2850766 is divided by 1211?
72
Calculate the remainder when 62878 is divided by 5405.
3423
Calculate the remainder when 1876496 is divided by 667.
225
What is the remainder when 860523 is divided by 62?
25
What is the remainder when 315437 is divided by 2445?
32
What is the remainder when 96046 is divided by 18949?
1301
Calculate the remainder when 2210843 is divided by 559.
557
Calculate the remainder when 32482 is divided by 16189.
104
What is the remainder when 33637862 is divided by 52?
50
Calculate the remainder when 3224425 is divided by 1074806.
7
Calculate the remainder when 5305623 is divided by 629.
8
Calculate the remainder when 6909041 is divided by 4200.
41
What is the remainder when 128534069 is divided by 446?
437
What is the remainder when 50142885 is divided by 3290?
3285
What is the remainder when 12012281 is divided by 6006137?
7
What is the remainder when 202535 is divided by 696?
695
What is the remainder when 688889 is divided by 4921?
4870
What is the remainder when 6387747 is divided by 850?
847
What is the remainder when 78064656 is divided by 557?
549
What is the remainder when 843318 is divided by 93633?
621
Calculate the remainder when 124348 is divided by 41444.
16
Calculate the remainder when 179660 is divided by 257.
17
What is the remainder when 3336161 is divided by 267?
263
What is the remainder when 160677 is divided by 635?
22
What is the remainder when 49295353 is divided by 349612?
61
Calculate the remainder when 260618 is divided by 253.
28
Calculate the remainder when 4193289 is divided by 3328.
9
Calculate the remainder when 14189687 is divided by 2266.
2261
Calculate the remainder when 1898489 is divided by 271175.
264
Calculate the remainder when 9141 is divided by 2768.
837
What is the remainder when 150328 is divided by 37292?
1160
Calculate the remainder when 7211946 is divided by 2403941.
123
Calculate the remainder when 9093 is divided by 9057.
36
What is the remainder when 374707 is divided by 34033?
344
What is the remainder when 245245670 is divided by 4398?
4394
What is the remainder when 4258063 is divided by 3003?
2812
Calculate the remainder when 2984483 is divided by 1045.
1008
What is the remainder when 578436 is divided by 3459?
783
What is the remainder when 640555 is divided by 328?
299
Calculate the remainder when 1004910 is divided by 3121.
3069
What is the remainder when 509456 is divided by 168958?
2582
Calculate the remainder when 32777100 is divided by 61611.
48
What is the remainder when 117683 is divided by 58683?
317
Calculate the remainder when 272963 is divided by 131948.
9067
Calculate the remainder when 185052109 is divided by 2106.
2101
What is the remainder when 2181 is divided by 592?
405
Calculate the remainder when 3569140 is divided by 1607.
1600
What is the remainder when 730190 is divided by 16594?
54
What is the remainder when 278917 is divided by 1835?
1832
What is the remainder when 2644320 is divided by 54?
48
Calculate the remainder when 12778 is divided by 858.
766
Calculate the remainder when 3535108 is divided by 54.
52
Calculate the remainder when 307296 is divided by 108.
36
Calculate the remainder when 53097714 is divided by 116.
106
What is the remainder when 5908474 is divided by 72?
10
What is the remainder when 3597051 is divided by 7686?
3
Calculate the remainder when 705087 is divided by 117506.
51
What is the remainder when 3614587 is divided by 20081?
7
Calculate the remainder when 72336 is divided by 10330.
26
What is the remainder when 911242 is divided by 53?
13
What is the remainder when 2560811 is divided by 512158?
21
Calculate the remainder when 6825782 is divided by 6.
2
Calculate the remainder when 6299725 is divided by 456.
85
What is the remainder when 196951 is divided by 512?
343
What is the remainder when 1903619 is divided by 340?
299
What is the remainder when 23845437 is divided by 12677?
0
Calculate the remainder when 549617 is divided by 13086.
5
Calculate the remainder when 16643749 is divided by 8321872.
5
What is the remainder when 117440925 is divided by 3888?
3885
Calculate the remainder when 1745278 is divided by 872590.
98
What is the remainder when 718909 is divided by 202?
193
Calculate the remainder when 97006405 is divided by 1733.
1730
What is the remainder when 1294066 is divided by 3874?
150
Calculate the remainder when 15147574 is divided by 629.
625
What is the remainder when 171255 is divided by 25?
5
Calculate the remainder when 16284 is divided by 5387.
123
Calculate the remainder when 871817 is divided by 9.
5
What is the remainder when 428465 is divided by 106861?
1021
Calculate the remainder when 106831 is divided by 3248.
2895
Calculate the remainder when 54638005 is divided by 649.
642
Calculate the remainder when 5308173 is divided by 1348.
1097
What is the remainder when 11849757 is divided by 104865?
12
Calculate the remainder when 5537493 is divided by 982.
977
Calculate the remainder when 6663975 is divided by 10.
5
Calculate the remainder when 14322 is divided by 2468.
1982
Calculate the remainder when 1121951 is divided by 143.
116
Calculate the remainder when 103885909 is divided by 30.
19
What is the remainder when 439378 is divided by 668?
502
Calculate the remainder when 219664 is divided by 109587.
490
Calculate the remainder when 1016284 is divided by 91.
87
Calculate the remainder when 45713756 is divided by 22856874.
8
Calculate the remainder when 40347799 is divided by 85.
84
Calculate the remainder when 237750772 is divided by 7557.
7552
What is the remainder when 49104068 is divided by 52?
0
What is the remainder when 9345825 is divided